he highest common factor of 18 and v.
18
Let y be 530*4/(-8) - 6. Let g be 3 - (3 + (-862)/(-2)). Let h = y - g. What is the highest common divisor of 64 and h?
32
Suppose -3*k + 19 + 30 = o, -2*k - 3*o = -42. Let a(p) = -p**2 + 13*p + 10. Let q = -17 + 30. Let i be a(q). Calculate the highest common divisor of k and i.
5
Let i(w) = -200*w + 8830. Let m be i(44). Calculate the highest common factor of 5500 and m.
10
Let m = -6643 - -6759. Calculate the greatest common divisor of m and 7308.
116
Let t(z) = z**2 - 48*z + 140. Let s be t(45). Suppose -f - 1486 = -s*l, 7*f - 2*f = l - 302. Calculate the greatest common divisor of l and 9.
9
Suppose -3*d - 900 = -6*d. Suppose 4*j - d - 84 = 0. What is the greatest common divisor of j and 6?
6
Suppose -700*r + 768*r = 381072. Calculate the greatest common divisor of r and 36.
12
Let l(s) = 2*s**3 - 7*s**2 - 5*s + 38. Let t be l(5). What is the greatest common factor of t and 2057?
11
Suppose 4*v + 3*l = 104, 2*l = -3*v + 3*l + 78. Let k be (1248/(-12))/((-6)/(24/2)). What is the highest common divisor of k and v?
26
Suppose -2*v - 34 = -3*k, 4*k - 4*v + 7*v = 34. Let h be (-20500)/(-220) - 2/11. Let r = 173 - h. Calculate the highest common divisor of r and k.
10
Suppose 588 - 1955 = -168*p + 1153. What is the highest common factor of 1083 and p?
3
Let h be 5*(-44)/60*(-2 - 1). Suppose -3*d + 16 + h = 2*i, -3*d - i + 30 = 0. What is the highest common factor of d and 11?
11
Let t = 516 - 367. Suppose -l - 2*r + 7*r + t = 0, l - 143 = -r. Calculate the greatest common divisor of l and 360.
72
Suppose -91*k - 14*k + 2793 = -2877. Calculate the highest common divisor of 936 and k.
18
Let o(x) = x**2 - 71*x + 1377. Let l be o(49). Let i(p) = -11*p + 1. Let z be i(-2). Calculate the greatest common factor of l and z.
23
Let z = 15064 + -5335. Calculate the highest common factor of z and 69.
69
Suppose -2*h - 11*h + 10751 = 0. Suppose 24*b = -155 + h. Calculate the greatest common divisor of b and 36.
4
Let o = 3057 - 2805. What is the highest common factor of o and 1652?
28
Let a be (0 - (-66)/4)*(-16256)/(-381). What is the highest common divisor of 132 and a?
44
Let t be 0*(-16)/(-176) - ((-24)/3 - 2). What is the highest common divisor of t and 1005?
5
Suppose -4*n = -2*f + 1052, 13*f - n - 1593 = 10*f. Let t(l) = -l**3 - 2*l**2 - 5*l + 4. Let a be t(-4). What is the greatest common factor of a and f?
28
Let j = 41 - 68. Let l = j + 33. Let u(y) = 2*y**2 - 5*y - 3. Let v be u(4). What is the greatest common divisor of l and v?
3
Let x be 5/(5/62) + 1. Let h = -5371 - -5728. What is the highest common factor of h and x?
21
Suppose -4*v + 5*a = -101652, -3*a - 19141 = 6*v - 171535. What is the greatest common divisor of 266 and v?
133
Let z be (28/(-2))/(24/(-108)). Suppose -10*x = -8*x + 3*v - 42, -3*x = 4*v - z. What is the greatest common divisor of 9 and x?
3
Suppose -3*y - 2*y = 11*i - 585, 295 = 5*i - 5*y. Let v(w) = w + 4. Let k be v(-4). Suppose k*h = 3*h - 66. What is the highest common divisor of h and i?
11
Let g be (-19285)/(-29) + (0 - 0). Let f = g - 630. What is the greatest common divisor of f and 98?
7
Let i(j) = j**3 - 23*j**2 + 31*j + 252. Let g be i(21). What is the highest common divisor of g and 105?
21
Let v = 1736 - 1516. What is the greatest common factor of 20 and v?
20
Let m be 36/14 - 27/(-63). Suppose -5*y + 8 = -y, m*l = y + 202. Let u = -32 + l. Calculate the highest common factor of u and 24.
12
Let d = -9212 + 9455. What is the greatest common divisor of 3969 and d?
81
Suppose 5*s - 74003 = 20*o - 23*o, s - o = 14807. Calculate the highest common divisor of s and 393.
131
Suppose -201 = -6*q - 21. Let k = 31 - q. Let n be 8/(2/(20/k)). Calculate the greatest common factor of 8 and n.
8
Let g = 532 + -808. Let z = g - -341. What is the highest common factor of 585 and z?
65
Let s be (-1)/((-1)/16 + 0). Let w(r) = -65*r - 40. Let v be w(-8). Suppose 100*f - 115*f = -v. What is the highest common factor of s and f?
16
Let y = -92 + 445. Let m = 503 - y. Calculate the greatest common divisor of m and 40.
10
Let d(b) = 13*b + 81. Let i be d(-6). Let f be 0/(-2 - i) - -56. What is the greatest common divisor of 42 and f?
14
Let p(j) = -11*j**3 + 10*j**2 - 15*j - 149. Let g be p(-5). What is the greatest common divisor of g and 22?
11
Let x be (66/9 + (1 - 5))*(-36)/(-8). Calculate the greatest common factor of 8130 and x.
15
Let k(z) be the first derivative of 7*z**2/2 + 155*z + 192. Let w be k(-20). Let l be 18/(3/1) + -1. Calculate the greatest common divisor of l and w.
5
Let a = -6017 - -11576. Calculate the highest common factor of a and 51.
51
Suppose 4*s - 13 = -3*i, s - 3*i + 11 = i. Let o be (s + 0)*(-35)/(-5). Suppose 0 = o*v - 15 - 41. Calculate the greatest common divisor of v and 20.
4
Let i be (-995)/(-70) + (-1)/(-2) - 6/(-21). What is the greatest common divisor of 1940 and i?
5
Let i = -4085 + 4091. Suppose -4*p + 48 = -2*p. What is the highest common factor of p and i?
6
Let k = 48 + 579. Suppose -y + k = 2*y. Suppose -u - 2*u + 169 = 4*f, -4*f - y = -3*u. Calculate the highest common divisor of 7 and u.
7
Let p be ((-595476)/918)/((-2)/3). Calculate the highest common divisor of 35 and p.
7
Let x be 1 + -4 + 6 + (-20)/(-2). Let v = 5 - 3. Suppose a - 54 = v*h + 3, -2*a + 2*h = -122. Calculate the highest common divisor of a and x.
13
Let n(x) = -57*x - 75. Let l be n(-2). Suppose -109 = -5*h - i, -i - l = -4*h + 41. What is the highest common factor of h and 294?
21
Let v(j) = -14*j**2 + 3*j + 3. Let d be v(-1). Let l(q) = 6*q + 30. Let k be l(d). Let s = 74 + k. What is the highest common factor of s and 16?
4
Suppose -8*n + 4*n + 1742 = 9*n. What is the greatest common factor of 26130 and n?
134
Let w = -46 - 220. Let f be ((-2)/(-7))/((-2)/w). What is the greatest common divisor of 342 and f?
38
Let s be -3*(-43 + (1 - 0)). Let v(q) = -q**3 - 24*q**2 - 1. Let p be v(-24). Let g be 21 - p*1 - (7 + -3). What is the highest common divisor of s and g?
18
Let m(g) = -3*g + 9. Let f be m(7). Let d(v) = 8 + 3 + v**3 + 10846*v + 7 - 2 + 11*v**2 - 10857*v. Let n be d(f). What is the highest common factor of n and 4?
4
Let a be ((-14)/(-42) - (-20)/3) + -2. Suppose -k + 93 = -b - 4*b, -a*b = 0. Let r be -9*(k/(-9) + 5). Calculate the greatest common divisor of 12 and r.
12
Let z be (1*-279*(-560)/210)/(3/8). What is the greatest common divisor of z and 12?
4
Suppose -4*q = -q - z + 37, -12 = -3*z. Let v = q + 15. What is the greatest common divisor of v and 10?
2
Suppose 4*w = -3*i + 1032, 5*i + 6 = 26. Suppose w - 201 = 2*u. Calculate the greatest common divisor of u and 864.
27
Suppose 573 - 93 = 12*o. Suppose -35*z = -o*z + 60. Suppose 5*b - 53 = z. What is the highest common divisor of 91 and b?
13
Let n(o) be the second derivative of -o**4/4 + 17*o**3/3 + 7*o**2/2 - 3*o - 4. Let d be n(11). What is the greatest common divisor of 27 and d?
9
Let a = 9 + 25. Let n = 38 - a. Suppose -n*w = -2*l + 26, 0*w + w + 19 = 3*l. Calculate the highest common divisor of 1 and l.
1
Let n be (3 - 0)/(1/15). Let l(o) = -5*o**2 - 518*o + 226. Let z be l(-104). What is the greatest common factor of n and z?
9
Suppose -4*w + 29 = 5*t, -2*w + 53 = -t + 56. Calculate the greatest common factor of w and 3269.
1
Let j = 7151 + -6811. What is the greatest common factor of j and 2295?
85
Let i be 3842/(-452)*1*-50. Calculate the highest common factor of 935 and i.
85
Let m be (-1 - 6)/((-101)/4141). Calculate the greatest common factor of m and 182.
7
Let p(z) = 17*z**3 - 27*z**2 + 13*z - 40. Let q be p(8). What is the greatest common factor of q and 16?
16
Let j(b) = 3*b**2 - 11*b - 22. Let f = -12 + 25. Let a be j(f). Suppose 27*z = 18*z + a. What is the highest common factor of 342 and z?
38
Suppose -n = -2*i + 15, -2 - 28 = 4*n - 2*i. Let d be (-6)/(2*n/(-170)). Let g = 120 + d. Calculate the highest common divisor of 12 and g.
6
Let w be -12*12/240*-55. What is the highest common factor of w and 27291?
33
Suppose 2*a + 12 = -24. Let o be a/(-90) + (-108)/(-10). Calculate the highest common factor of o and 407.
11
Let d = -633 - -638. What is the highest common divisor of d and 65?
5
Let v = 31 + -12. Let s(y) = -22*y**2 + 486*y - 8. Let z be s(22). Suppose 19 = z*o - 35*o. Ca